{"id":2282,"date":"2016-07-16T09:05:36","date_gmt":"2016-07-16T07:05:36","guid":{"rendered":"http:\/\/ffoch.mein-franken.info\/?page_id=2282"},"modified":"2021-05-09T17:24:13","modified_gmt":"2021-05-09T15:24:13","slug":"hilfeleistungsloeschgruppenfahrzeug-hlf-401","status":"publish","type":"page","link":"https:\/\/ffochsenfurt.de\/?page_id=2282","title":{"rendered":"Hilfeleistungsl\u00f6schgruppenfahrzeug (HLF) 40\/1"},"content":{"rendered":"<p><a href=\"https:\/\/ffochsenfurt.de\/wp-content\/uploads\/2021\/05\/DJI_0382_1-scaled.jpg\"><img loading=\"lazy\" decoding=\"async\" class=\"wp-image-8454 size-medium\" src=\"https:\/\/ffochsenfurt.de\/wp-content\/uploads\/2021\/05\/DJI_0382_1-300x169.jpg\" alt=\"\" width=\"300\" height=\"169\" srcset=\"https:\/\/ffochsenfurt.de\/wp-content\/uploads\/2021\/05\/DJI_0382_1-300x169.jpg 300w, https:\/\/ffochsenfurt.de\/wp-content\/uploads\/2021\/05\/DJI_0382_1-1024x576.jpg 1024w, https:\/\/ffochsenfurt.de\/wp-content\/uploads\/2021\/05\/DJI_0382_1-768x432.jpg 768w, https:\/\/ffochsenfurt.de\/wp-content\/uploads\/2021\/05\/DJI_0382_1-1536x864.jpg 1536w, https:\/\/ffochsenfurt.de\/wp-content\/uploads\/2021\/05\/DJI_0382_1-2048x1152.jpg 2048w, https:\/\/ffochsenfurt.de\/wp-content\/uploads\/2021\/05\/DJI_0382_1-737x415.jpg 737w, https:\/\/ffochsenfurt.de\/wp-content\/uploads\/2021\/05\/DJI_0382_1-355x200.jpg 355w\" sizes=\"auto, (max-width: 300px) 100vw, 300px\" \/><\/a><\/p>\n<p>Besatzung: 9 Personen<\/p>\n<p>Baujahr: 2009<\/p>\n<p>Einsatzzweck: Wird Montag &#8211; Freitag von 07.00 &#8211; 17.00 f\u00fcr alle Eins\u00e4tze eingesetzt. R\u00fcckt im L\u00f6schzug als 2. L\u00f6schfahrzeug, im R\u00fcstzug als 1. Fahrzeug aus.<\/p>\n<p>&nbsp;<\/p>\n<p>Beladung\/ Ausstattung:<\/p>\n<p>2.000 Liter Wasser, 150 Liter Schaum, 50 Liter alkoholbest\u00e4ndiger Schaum, CO\u00b2-L\u00f6scher, 4 Pressluftatmer, Stab-Fast-System, Stab-Pack-System, Niederdruckhebekissen, Rettungszylinder, Schere, Spreizer, Gasmesskoffer, 3-teilige Schieb- und Multifunktionsleiter, T\u00fcr\u00f6ffnungswerkzeug, W\u00e4rmebildkamera, Rauchschutzvorhang, Atemschutznotfalltasche.<\/p>\n","protected":false},"excerpt":{"rendered":"<div class=\"mh-excerpt\"><p>Besatzung: 9 Personen Baujahr: 2009 Einsatzzweck: Wird Montag &#8211; Freitag von 07.00 &#8211; 17.00 f\u00fcr alle Eins\u00e4tze eingesetzt. R\u00fcckt im L\u00f6schzug als 2. L\u00f6schfahrzeug, im <a class=\"mh-excerpt-more\" href=\"https:\/\/ffochsenfurt.de\/?page_id=2282\" title=\"Hilfeleistungsl\u00f6schgruppenfahrzeug (HLF) 40\/1\">Weiterlesen<\/a><\/p>\n<\/div>","protected":false},"author":9,"featured_media":0,"parent":0,"menu_order":0,"comment_status":"closed","ping_status":"closed","template":"","meta":{"ngg_post_thumbnail":0,"footnotes":""},"class_list":["post-2282","page","type-page","status-publish","hentry"],"_links":{"self":[{"href":"https:\/\/ffochsenfurt.de\/index.php?rest_route=\/wp\/v2\/pages\/2282","targetHints":{"allow":["GET"]}}],"collection":[{"href":"https:\/\/ffochsenfurt.de\/index.php?rest_route=\/wp\/v2\/pages"}],"about":[{"href":"https:\/\/ffochsenfurt.de\/index.php?rest_route=\/wp\/v2\/types\/page"}],"author":[{"embeddable":true,"href":"https:\/\/ffochsenfurt.de\/index.php?rest_route=\/wp\/v2\/users\/9"}],"replies":[{"embeddable":true,"href":"https:\/\/ffochsenfurt.de\/index.php?rest_route=%2Fwp%2Fv2%2Fcomments&post=2282"}],"version-history":[{"count":47,"href":"https:\/\/ffochsenfurt.de\/index.php?rest_route=\/wp\/v2\/pages\/2282\/revisions"}],"predecessor-version":[{"id":8456,"href":"https:\/\/ffochsenfurt.de\/index.php?rest_route=\/wp\/v2\/pages\/2282\/revisions\/8456"}],"wp:attachment":[{"href":"https:\/\/ffochsenfurt.de\/index.php?rest_route=%2Fwp%2Fv2%2Fmedia&parent=2282"}],"curies":[{"name":"wp","href":"https:\/\/api.w.org\/{rel}","templated":true}]}}